{"id":671,"date":"2020-03-27T23:16:17","date_gmt":"2020-03-28T02:16:17","guid":{"rendered":"http:\/\/serie20y20.com.ar\/armando-alonso\/?post_type=product&#038;p=671"},"modified":"2026-03-30T10:38:59","modified_gmt":"2026-03-30T13:38:59","slug":"teoria-superposicion-de-triadas-2","status":"publish","type":"product","link":"https:\/\/serie20y20.com.ar\/armando-alonso\/product\/teoria-superposicion-de-triadas-2\/","title":{"rendered":"TEOR\u00cdA \/ Superposici\u00f3n de Tr\u00edadas 2\u00a0(Para todos los instrumentos)"},"content":{"rendered":"<p style=\"text-align: center;\"><strong>Pr\u00e1ctica y din\u00e1mica metodolog\u00eda de trabajo tanto para el alumno autodidacta,<br \/>\n<\/strong><strong>como as\u00ed tambi\u00e9n para el profesor en clase.<\/strong><\/p>\n<hr \/>\n<p>Con su compra\u00a0<strong>(PDF de 114 p\u00e1ginas \u2013 503 MB)\u00a0\u00a0<\/strong>Usted adquiere adem\u00e1s:<\/p>\n<p><strong>*\u00a0 20 Lecciones y 20 Ejercicios<\/strong><\/p>\n<p><strong>*\u00a0 232 Audios y Pistas de Pr\u00e1ctic<\/strong>a\u00a0\u00a0<em>(Las lecciones, ejercicios y trabajos pr\u00e1cticos contienen audios, los cuales nos facilitaran el estudio y el desarrollo de nuestro o\u00eddo arm\u00f3nico)<\/em><\/p>\n<p><strong>*\u00a0 4 Obras de Repertorio<\/strong>\u00a0<em>(Jazz Standards \u2013 Blues Mayor y Menor, con 8 Pistas de Pr\u00e1ctica para aplicar lo estudiado)<br \/>\n<\/em><br \/>\n<strong>*\u00a0 8 Ejercicio con Circulo de Quintas<\/strong><em>\u00a0(8 especies de acordes)<\/em><\/p>\n<p><strong>* Libro para Imprimir<\/strong>\u00a0(<em>Sin marca de agua)<\/em><\/p>\n<hr \/>\n<p><strong>OBJETIVOS Y PROPOSITOS<\/strong><\/p>\n<p><strong>El libro de Teor\u00eda \/ Superposici\u00f3n de Tr\u00edadas 2<\/strong>, dirigido a todos los instrumentistas, incluye las siguientes tr\u00edadas: <strong>sus4, Frigia y Lidia<\/strong>, as\u00ed como en el Teor\u00eda 1, mi idea es <strong>generar una forma de pensamiento musical a partir del uso y la superposici\u00f3n de tr\u00edadas,<\/strong> ya sea desde la formaci\u00f3n del acorde de s\u00e9ptima hasta la aplicaci\u00f3n de tensiones.<\/p>\n<p>A partir de una <strong>unidad simple como la tr\u00edada<\/strong> estaremos en condiciones de manejar con facilidad distintas texturas arm\u00f3nicas, por ejemplo, <strong>al superponer la tr\u00edada de Esus4 sobre Cmaj7 generamos: 3, 6 y 7 del acorde<\/strong>, en cambio si <strong>superponemos la tr\u00edada de C Lidia estaremos generando: T, #11 y 5.<\/strong><\/p>\n<p>A futuro, el manejo de este concepto, <strong>nos permitir\u00e1 no solo utilizar las diferentes triadas al momento de improvisar sino tambi\u00e9n pensar en otras armon\u00edas<\/strong> las cuales estar\u00e1n superpuestas sobre las originales para ser utilizadas en forma de acordes.<\/p>\n<hr \/>\n<p><strong>CONTENIDOS<\/strong><\/p>\n<p>El libro cuenta con <strong>20 lecciones<\/strong> con todo el <strong>detalle de la aplicaci\u00f3n de las tr\u00edadas<\/strong> y <strong>20 ejercicios<\/strong> los cuales incluyen <strong>diferentes progresiones arm\u00f3nicas<\/strong> espec\u00edficas para aplicar las distintas superposiciones.<\/p>\n<p>Adem\u00e1s contiene la <strong>superposici\u00f3n de las diferentes triadas sobre Circulo de 5tas<\/strong><em> (8 especies de acordes)<\/em> y <strong>Jazz Standards, Blues mayor y menor.<\/strong><\/p>\n<p>La informaci\u00f3n <strong>est\u00e1 organizada en funci\u00f3n de la armon\u00eda funcional tanto en el modo mayor como en el <\/strong><strong>modo menor,<\/strong> incluyendo: sustituciones diat\u00f3nicas, dominantes secundarios, sustitutos, segundo menor relativo, etc.<\/p>\n<p>Los cuadros<strong> &#8220;S\u00edntesis&#8221; y los res\u00famenes<\/strong> no dan la posibilidad de tener toda la informaci\u00f3n organizada<br \/>\npara una r\u00e1pida y f\u00e1cil consulta permanente.<\/p>\n<p>En el libro las tr\u00edadas<strong> se presentan en posici\u00f3n cerrada<\/strong> lo cual no impide que aquel que lo desee pueda investigar las mismas en <strong>posici\u00f3n abierta. <em>(Ver Triadas Abiertas 1 y 2 de N\u00e9stor Crespo de esta misma editorial)<\/em><\/strong><\/p>\n<hr \/>\n<p><strong>AUDIOS\u00a0 <\/strong><em>(218 Audios y Pistas de Pr\u00e1ctica)<\/em><strong><br \/>\n<\/strong><\/p>\n<p>Con el objetivo de apreciar el sonido generado mediante la superposici\u00f3n de tr\u00edadas<strong>, es esencial la escucha de los audios incluidos en cada una de las lecciones.<\/strong><\/p>\n<p>Este <strong>Libro de Teor\u00eda 2<\/strong> incluye tambi\u00e9n los <strong>audios correspondientes<\/strong> a los ejercicios de manera modal, las progresiones arm\u00f3nicas, temas Standards y Blues mayor y menor.<\/p>\n<p>En los ejercicios es conveniente en primer lugar <strong>tocar cada una de las tr\u00edadas<\/strong><em> (en estado fundamental y<\/em><br \/>\n<em>sus inversiones)<\/em> en <strong>forma de acorde desprovisto<\/strong> de toda r\u00edtmica con el fin de <strong>concentrarnos \u00fanicamente en el sonido generado<\/strong>, una vez superada esta etapa podremos aplicar las mismas tr\u00edadas <strong>en forma mel\u00f3dica.<\/strong><\/p>\n<hr \/>\n<p>Para m\u00e1s informaci\u00f3n consulte al autor escribiendo a:<span style=\"color: #3366ff;\"> <a style=\"color: #3366ff;\" href=\"mailto:contacto@armandoalonso.com.ar\">contacto@armandoalonso.com.ar<\/a><\/span><\/p>\n<hr \/>\n<h2><strong>Libros Relacionados<\/strong><\/h2>\n<p><a href=\"https:\/\/serie20y20.com.ar\/armando-alonso\/product\/teoria-superposicion-de-triadas-1\/\"><img loading=\"lazy\" class=\"alignnone size-medium wp-image-672\" src=\"http:\/\/serie20y20.com.ar\/armando-alonso\/wp-content\/uploads\/2020\/03\/01-212x300.jpg\" alt=\"\" width=\"212\" height=\"300\" srcset=\"https:\/\/serie20y20.com.ar\/armando-alonso\/wp-content\/uploads\/2020\/03\/01-212x300.jpg 212w, https:\/\/serie20y20.com.ar\/armando-alonso\/wp-content\/uploads\/2020\/03\/01-768x1086.jpg 768w, https:\/\/serie20y20.com.ar\/armando-alonso\/wp-content\/uploads\/2020\/03\/01-724x1024.jpg 724w, https:\/\/serie20y20.com.ar\/armando-alonso\/wp-content\/uploads\/2020\/03\/01-555x785.jpg 555w\" sizes=\"(max-width: 212px) 100vw, 212px\" \/><\/a> <a href=\"https:\/\/serie20y20.com.ar\/armando-alonso\/product\/guitarra-superposicion-de-triadas-armonico-2\/\"><img loading=\"lazy\" class=\"alignnone size-medium wp-image-673\" src=\"http:\/\/serie20y20.com.ar\/armando-alonso\/wp-content\/uploads\/2020\/03\/02-212x300.jpg\" alt=\"\" width=\"212\" height=\"300\" srcset=\"https:\/\/serie20y20.com.ar\/armando-alonso\/wp-content\/uploads\/2020\/03\/02-212x300.jpg 212w, https:\/\/serie20y20.com.ar\/armando-alonso\/wp-content\/uploads\/2020\/03\/02-768x1086.jpg 768w, https:\/\/serie20y20.com.ar\/armando-alonso\/wp-content\/uploads\/2020\/03\/02-724x1024.jpg 724w, https:\/\/serie20y20.com.ar\/armando-alonso\/wp-content\/uploads\/2020\/03\/02-555x785.jpg 555w\" sizes=\"(max-width: 212px) 100vw, 212px\" \/><\/a> <a href=\"https:\/\/serie20y20.com.ar\/armando-alonso\/product\/guitarra-superposicion-de-triadas-plan-de-tecnica-melodico\/\"><img loading=\"lazy\" class=\"alignnone size-medium wp-image-674\" src=\"http:\/\/serie20y20.com.ar\/armando-alonso\/wp-content\/uploads\/2020\/03\/03-212x300.jpg\" alt=\"\" width=\"212\" height=\"300\" srcset=\"https:\/\/serie20y20.com.ar\/armando-alonso\/wp-content\/uploads\/2020\/03\/03-212x300.jpg 212w, https:\/\/serie20y20.com.ar\/armando-alonso\/wp-content\/uploads\/2020\/03\/03-768x1086.jpg 768w, https:\/\/serie20y20.com.ar\/armando-alonso\/wp-content\/uploads\/2020\/03\/03-724x1024.jpg 724w, https:\/\/serie20y20.com.ar\/armando-alonso\/wp-content\/uploads\/2020\/03\/03-555x785.jpg 555w\" sizes=\"(max-width: 212px) 100vw, 212px\" \/><\/a><\/p>\n<p>&nbsp;<\/p>\n","protected":false},"excerpt":{"rendered":"<p><iframe loading=\"lazy\" title=\"YouTube video player\" src=\"https:\/\/www.youtube.com\/embed\/kGnWWAwJGJg\" width=\"560\" height=\"315\" frameborder=\"0\" allowfullscreen=\"allowfullscreen\"><\/iframe><\/p>\n","protected":false},"featured_media":675,"comment_status":"open","ping_status":"closed","template":"","meta":[],"_links":{"self":[{"href":"https:\/\/serie20y20.com.ar\/armando-alonso\/wp-json\/wp\/v2\/product\/671"}],"collection":[{"href":"https:\/\/serie20y20.com.ar\/armando-alonso\/wp-json\/wp\/v2\/product"}],"about":[{"href":"https:\/\/serie20y20.com.ar\/armando-alonso\/wp-json\/wp\/v2\/types\/product"}],"replies":[{"embeddable":true,"href":"https:\/\/serie20y20.com.ar\/armando-alonso\/wp-json\/wp\/v2\/comments?post=671"}],"wp:featuredmedia":[{"embeddable":true,"href":"https:\/\/serie20y20.com.ar\/armando-alonso\/wp-json\/wp\/v2\/media\/675"}],"wp:attachment":[{"href":"https:\/\/serie20y20.com.ar\/armando-alonso\/wp-json\/wp\/v2\/media?parent=671"}],"curies":[{"name":"wp","href":"https:\/\/api.w.org\/{rel}","templated":true}]}}